Suppose 0 = 5*l + 4*o - a, -4*l = o + 4*o - 75. What are the prime factors of l?
3, 5
Suppose 4*b - g = 5*b - 181, -4*b + g + 734 = 0. What are the prime factors of b?
3, 61
Suppose -2*w - 8 = -0*w, 4*q + 2*w - 8 = 0. Suppose 18 = q*u - 22. What are the prime factors of u?
2, 5
List the prime factors of -4*(126/(-4))/7.
2, 3
Suppose -2*p = -18 - 6. Let l = p - 9. Suppose 6 = x - 2*u, 5*x - l*u = -0*x + 30. What are the prime factors of x?
2, 3
Suppose 5*f + 72 = v, f + 484 = 5*v + 52. Suppose -5*w + 2*t = -v, 0 = w + t - 2*t - 18. What are the prime factors of w?
17
Suppose 0 = b, 0 = 4*s - s - 4*b - 372. List the prime factors of s.
2, 31
Let l = 4 - -8. Suppose -3*y - c - c = 9, -l = 4*y - 4*c. Let m(z) = -4*z - 2. What are the prime factors of m(y)?
2, 5
Let b(m) = m + 3. Let l(h) = -h**3 + 8*h**2 - 8*h + 2. Let w be l(7). Let c be b(w). Let d = 6 + c. What are the prime factors of d?
2
Let t(n) be the second derivative of 3/2*n**2 + 0 + 5/3*n**3 + 2*n + 1/12*n**4. What are the prime factors of t(-10)?
3
Let q(m) = -2*m**2 - 7*m - 2. Let y(o) = o**2 + o + 1. Let r(k) = -q(k) - 3*y(k). Let l be r(4). What are the prime factors of 2*2 + l/1?
3
Let z be ((-6)/(-12))/(1/60). Suppose o - j - z = 0, 142 = 4*o + o + 3*j. What are the prime factors of o?
29
Suppose 180 = -5*c + 6*c. List the prime factors of c.
2, 3, 5
Suppose -3*j = -5*o - 7, 3*o + 2*o = 4*j - 6. List the prime factors of 122/10 - o/(-10).
2, 3
Suppose 5 = -5*s, 3*g - 3*s = -s + 8. Let k(n) = -n**3 - n. Let a be k(0). Suppose w - 3 = -w - 3*d, a = -g*w + 2*d + 18. List the prime factors of w.
2, 3
What are the prime factors of (-342)/4*-6*(-16)/(-36)?
2, 3, 19
Let d be ((-1)/(-3))/((-4)/(-168)). Let l = d - 30. List the prime factors of (l + -4)*2/(-5).
2
Let r(f) = f**3 - 4*f**2 - 5*f + 6. Let y be r(5). Suppose -111 = y*u - 9*u. What are the prime factors of u?
37
Let u = 3 - -4. Suppose u*g + 60 = 11*g. List the prime factors of g.
3, 5
Suppose 0 = u - 13 - 4. Let i be (2 - 3) + u - 0. Suppose -i = -2*r - 2. List the prime factors of r.
7
Suppose 3*j - 5*k = 381, -3*j = k + 108 - 471. What are the prime factors of j?
2, 61
Suppose 4*k - 7 - 13 = 0. Suppose 49 = k*g - w, -g + 4*w = 3*g - 52. List the prime factors of g.
3
Let r = -103 + 176. What are the prime factors of r?
73
Let h(m) = m**3 - 5*m**2 - 2*m - 1. Let v be h(5). Let c = v - -23. List the prime factors of c.
2, 3
Let w = 138 + -20. What are the prime factors of w?
2, 59
Let o(g) = g**2 + 9*g + 8. Let z(n) = n**3 + 4*n**2 + 2*n - 3. Let p be z(-4). List the prime factors of o(p).
2, 3, 5
Suppose -5*x = 3*k + 8, x + x = 4*k - 24. Suppose -h - k = 3*h + 4*b, 0 = 5*h - 4*b + 32. List the prime factors of (h - -22)*4/6.
2, 3
Let q be 2 + -2 + -2 + 20. List the prime factors of 4/q - 690/(-54).
13
What are the prime factors of (-6540)/(-72) - (-1)/6?
7, 13
Let t = -2 - -1. Let b(r) = -3*r + 1. Let a be b(t). Suppose -3*o + 11 = -a. What are the prime factors of o?
5
Let p = 6 - 4. Let u = p + -4. Let x = u + 13. What are the prime factors of x?
11
What are the prime factors of (-5055)/(-75) - 4/10?
67
Let d = -16 - -10. What are the prime factors of 9/d*(-22)/3?
11
Let b(x) = 3*x**3 - x**2 + x. Let y be b(1). Let t = 5 - y. Suppose -6 = -t*f + f. List the prime factors of f.
2, 3
Suppose -124 = -3*g - 2*s, -g - 2*s + 40 = -0*g. Let t = g + -16. List the prime factors of t.
2, 13
Let a(t) be the second derivative of -t**3/6 - 9*t**2/2 + t. List the prime factors of a(-11).
2
Let t(r) = -400*r + 4. Let a be t(5). Let z be a/16 - 1/4. What are the prime factors of ((-2)/5)/(5/z)?
2, 5
Let i(x) = -9*x + 5. Let j be i(2). Suppose -5*m + c = -111, 113 = m + 4*m - 3*c. Let w = m + j. What are the prime factors of w?
3
Suppose t = k - 11, -2*k + 2*t + 2*t + 28 = 0. What are the prime factors of (-4)/16 + 154/k?
19
Let g = 33 + -14. What are the prime factors of g?
19
Let j(u) = -17*u + 5. Let q(r) = 52*r - 16. Let a(f) = -16*j(f) - 5*q(f). What are the prime factors of a(3)?
2, 3
Let r(u) = 25*u**2 - 2. List the prime factors of r(2).
2, 7
Let y be (4/18)/(4/36). Let c = 2 + 2. Suppose 0 = -y*a + c*a - 16. List the prime factors of a.
2
Suppose 4*v - 6 + 30 = 0. Suppose 5*x - 4*u + 32 = 0, 0 = -2*x - 2*u - 1 - 1. List the prime factors of v/x*(7 + -3).
2, 3
List the prime factors of -2*(129/(-2) + 4).
11
Let p(t) = -t**2 + 7*t - 6. Let a be p(4). Suppose 0 = j - 2*j + a. List the prime factors of j.
2, 3
Suppose 6 + 2 = 4*d. Suppose d*c = -2*c - 24. What are the prime factors of 6/(-9) - 58/c?
3
Suppose 2*k - 6*i = -2*i + 34, -2*k - 11 = 5*i. Let r(m) = m**2 - 2*m - 9. What are the prime factors of r(k)?
2, 13
Let l = 448 - 245. List the prime factors of l.
7, 29
Let k = -42 - -116. What are the prime factors of k?
2, 37
What are the prime factors of (-897)/(-65) + (-1)/(-5)?
2, 7
Let o = 164 - 79. What are the prime factors of o?
5, 17
Let y = 9 + -4. Let j = 1 + y. Suppose -2*c - 1 = m, -2*m - 5*c - j = -0*m. What are the prime factors of m?
7
What are the prime factors of (-13)/((-65)/1440) + 2?
2, 5, 29
Let t = 6 + 6. Suppose -d + t = -3*d. List the prime factors of 6 + (d/2)/(-1).
3
Let h(c) be the third derivative of c**6/120 - 7*c**5/60 + 5*c**4/12 - c**3 - 3*c**2. What are the prime factors of h(6)?
2, 3
Let k(v) be the first derivative of v - 1/2*v**2 - 2. What are the prime factors of k(-4)?
5
Let z(i) be the first derivative of -i**2/2 + 7*i + 1. Let t be z(0). Let g = 15 - t. List the prime factors of g.
2
Let m = -381 + 575. What are the prime factors of m?
2, 97
Let f(d) = d**2 + 6*d + 2. Let u be f(-5). Let a = 5 + u. Suppose s - 2*x = -s + 8, -x - a = 0. List the prime factors of s.
2
Suppose 0 = -3*h + 2*h + 1, u + 2*h - 5 = 0. Suppose -u*k - 2*w = k - 86, k - 26 = -5*w. List the prime factors of k.
3, 7
Let t(l) be the first derivative of 3 - l**2 - 5*l - 1 - 6*l. List the prime factors of t(-8).
5
Let z(j) = -j**3 + 9*j**2 - 4*j - 6. Let p be z(6). Suppose -3*q = -24 + p. Let y = q + 30. List the prime factors of y.
2, 3
Suppose -g + 0*g = -5. Suppose 3*d - g*o = -15 - 0, 5*d - 3*o + 9 = 0. Suppose d = -p - 2*p + 15. List the prime factors of p.
5
Let r = -386 + 569. What are the prime factors of r?
3, 61
Let h = 17 - 49. Let i be 4 + 43/((-2)/(-2)). Let j = h + i. What are the prime factors of j?
3, 5
What are the prime factors of 63/(-14)*(-9 + -1)?
3, 5
Suppose 2*f - 5*f = 5*b - 25, -5*b - 4*f + 20 = 0. Suppose x + 1 = b. List the prime factors of x.
7
Let r be (0/1 - 1)*-13. Let h(g) = g**2 + 3*g - 1. Let x be h(-4). Let z = r - x. List the prime factors of z.
2, 5
Let r = -2 - -2. Let g be 40 - (-1 + 1 + r). Suppose 4*f = -f + g. What are the prime factors of f?
2
Let t be (-22)/(-3 + (-24)/(-9)). Let l be t/15 - (-2)/(-5). Suppose l*d + 5*s - 78 = -17, 0 = s + 3. List the prime factors of d.
19
Suppose 4*w + 20 = -0, 3*w + 17 = -t. Let m be ((-2)/t - 11)/(-2). Suppose 5*n + 3*q - 76 = -29, -m*q - 15 = -n. List the prime factors of n.
2, 5
Let j(f) = 5*f**2 + 3*f - 4. Let y(t) = t**2 - 1. Let i(o) = j(o) - 4*y(o). List the prime factors of i(-5).
2, 5
Suppose -140 = -4*c - 4*l + 6*l, 3*c - 2*l - 104 = 0. What are the prime factors of c?
2, 3
Suppose 2*r - 35 = 3*x, -3*r - r + 5*x + 71 = 0. Let a = r - 1. What are the prime factors of a?
2, 3
Suppose -11 = -4*l + 1. Suppose 4*p = a - 1, 5*a + 2*p - 40 = a. Suppose 0 = 3*t - a, l = o + t - 2. What are the prime factors of o?
2
Suppose 2*j - 2*x = 10, 3*j - 5*x = -4*x + 5. Suppose -q + 3*k + 21 = j, 4*q - 30 = -k + 15. What are the prime factors of q?
2, 3
Suppose -c - 28 = k, c = -2*c - 2*k - 79. Let h = c - 8. List the prime factors of 1/(-2)*(h + 1).
3, 5
List the prime factors of (-20)/(-3)*42/4.
2, 5, 7
Let p = 5 + 0. Suppose -5*n = -0*n - p. Let w = n - -3. List the prime factors of w.
2
Suppose -3*l + 0*i - i + 38 = 0, -l + 4*i + 17 = 0. Suppose -2*s + 35 = -l. List the prime factors of s.
2, 3
Let y(j) = 2*j**3 + 13*j**2 + 7*j - 5. List the prime factors of y(-5).
5, 7
Let h = 115 + -1. What are the prime factors of h?
2, 3, 19
Suppose -3*d + 21 = 5*m - 11, -d + 3*m = -6. What are the prime factors of d?
3
Let x = 114 + -34. What are the prime factors of x?
2, 5
Let o(g) be the first derivative of -g**3/3 + 4*g**2 - 8*g + 1. What are the prime f